Last updated on 2024-06-16 09:56:05 CEST.
Flavor | Version | Tinstall | Tcheck | Ttotal | Status | Flags |
---|---|---|---|---|---|---|
r-devel-linux-x86_64-debian-clang | 0.3.0 | 97.87 | 644.14 | 742.01 | OK | |
r-devel-linux-x86_64-debian-gcc | 0.3.0 | 59.96 | 383.78 | 443.74 | OK | |
r-devel-linux-x86_64-fedora-clang | 0.3.0 | 952.19 | OK | |||
r-devel-linux-x86_64-fedora-gcc | 0.3.0 | 916.91 | OK | |||
r-devel-windows-x86_64 | 0.3.0 | 74.00 | 520.00 | 594.00 | OK | |
r-patched-linux-x86_64 | 0.3.0 | 73.76 | 524.58 | 598.34 | OK | |
r-release-linux-x86_64 | 0.3.0 | 59.95 | 531.02 | 590.97 | OK | |
r-release-macos-arm64 | 0.3.0 | 215.00 | NOTE | |||
r-release-macos-x86_64 | 0.3.0 | 359.00 | NOTE | |||
r-release-windows-x86_64 | 0.3.0 | 78.00 | 508.00 | 586.00 | OK | |
r-oldrel-macos-arm64 | 0.3.0 | 241.00 | NOTE | |||
r-oldrel-macos-x86_64 | 0.3.0 | 422.00 | NOTE | |||
r-oldrel-windows-x86_64 | 0.3.0 | 90.00 | 650.00 | 740.00 | OK |
Version: 0.3.0
Check: installed package size
Result: NOTE
installed size is 5.7Mb
sub-directories of 1Mb or more:
doc 1.7Mb
libs 3.4Mb
Flavors: r-release-macos-arm64, r-release-macos-x86_64, r-oldrel-macos-arm64, r-oldrel-macos-x86_64