Last updated on 2024-06-16 09:56:05 CEST.
Flavor | Version | Tinstall | Tcheck | Ttotal | Status | Flags |
---|---|---|---|---|---|---|
r-devel-linux-x86_64-debian-clang | 0.1.0 | 43.63 | 88.24 | 131.87 | OK | |
r-devel-linux-x86_64-debian-gcc | 0.1.0 | 33.44 | 63.96 | 97.40 | OK | |
r-devel-linux-x86_64-fedora-clang | 0.1.0 | 177.97 | OK | |||
r-devel-linux-x86_64-fedora-gcc | 0.1.0 | 174.96 | OK | |||
r-devel-windows-x86_64 | 0.1.0 | 38.00 | 97.00 | 135.00 | OK | |
r-patched-linux-x86_64 | 0.1.0 | 39.69 | 82.92 | 122.61 | OK | |
r-release-linux-x86_64 | 0.1.0 | 44.13 | 85.94 | 130.07 | OK | |
r-release-macos-arm64 | 0.1.0 | 43.00 | OK | |||
r-release-macos-x86_64 | 0.1.0 | 64.00 | OK | |||
r-release-windows-x86_64 | 0.1.0 | 40.00 | 99.00 | 139.00 | WARN | |
r-oldrel-macos-arm64 | 0.1.0 | 51.00 | OK | |||
r-oldrel-macos-x86_64 | 0.1.0 | 80.00 | OK | |||
r-oldrel-windows-x86_64 | 0.1.0 | 49.00 | 115.00 | 164.00 | OK |
Version: 0.1.0
Check: whether the package can be loaded with stated dependencies
Result: WARN
It looks like this package (or one of its dependent packages) has an
unstated dependence on a standard package. All dependencies must be
declared in DESCRIPTION.
See section 'The DESCRIPTION file' in the 'Writing R Extensions'
manual.
Flavor: r-release-windows-x86_64
Version: 0.1.0
Check: R code for possible problems
Result: NOTE
Error in inDL(x, as.logical(local), as.logical(now), ...) :
unable to load shared object 'D:/RCompile/CRANpkg/lib/4.4/mvtnorm/libs/x64/mvtnorm.dll':
LoadLibrary failure: Die Auslagerungsdatei ist zu klein, um diesen Vorgang durchzuführen.
Calls: <Anonymous>
Execution halted
Flavor: r-release-windows-x86_64