Last updated on 2024-06-16 09:56:04 CEST.
Flavor | Version | Tinstall | Tcheck | Ttotal | Status | Flags |
---|---|---|---|---|---|---|
r-devel-linux-x86_64-debian-clang | 0.1.0 | 34.53 | 273.73 | 308.26 | OK | |
r-devel-linux-x86_64-debian-gcc | 0.1.0 | 27.11 | 200.76 | 227.87 | OK | |
r-devel-linux-x86_64-fedora-clang | 0.1.0 | 414.08 | OK | |||
r-devel-linux-x86_64-fedora-gcc | 0.1.0 | 383.40 | OK | |||
r-devel-windows-x86_64 | 0.1.0 | 28.00 | 182.00 | 210.00 | OK | |
r-patched-linux-x86_64 | 0.1.0 | 22.21 | 264.00 | 286.21 | OK | |
r-release-linux-x86_64 | 0.1.0 | 22.96 | 261.95 | 284.91 | OK | |
r-release-macos-arm64 | 0.1.0 | 89.00 | OK | |||
r-release-macos-x86_64 | 0.1.0 | 142.00 | OK | |||
r-release-windows-x86_64 | 0.1.0 | 26.00 | 175.00 | 201.00 | WARN | |
r-oldrel-macos-arm64 | 0.1.0 | 93.00 | OK | |||
r-oldrel-macos-x86_64 | 0.1.0 | 197.00 | OK | |||
r-oldrel-windows-x86_64 | 0.1.0 | 40.00 | 242.00 | 282.00 | OK |
Version: 0.1.0
Check: dependencies in R code
Result: NOTE
Fatal error: couldn't allocate memory for pointer stack
Flavor: r-release-windows-x86_64
Version: 0.1.0
Check: replacement functions
Result: WARN
During startup - Warning message:
package 'utils' in options("defaultPackages") was not found
The argument of a replacement function which corresponds to the right
hand side must be named 'value'.
Flavor: r-release-windows-x86_64