Last updated on 2024-06-15 11:50:06 CEST.
Flavor | Version | Tinstall | Tcheck | Ttotal | Status | Flags |
---|---|---|---|---|---|---|
r-devel-linux-x86_64-debian-clang | 2.4.4 | 55.39 | 75.57 | 130.96 | OK | |
r-devel-linux-x86_64-debian-gcc | 2.4.4 | 37.15 | 55.58 | 92.73 | OK | |
r-devel-linux-x86_64-fedora-clang | 2.4.4 | 172.85 | OK | |||
r-devel-linux-x86_64-fedora-gcc | 2.4.4 | 185.94 | OK | |||
r-devel-windows-x86_64 | 2.4.4 | 42.00 | 99.00 | 141.00 | OK | |
r-patched-linux-x86_64 | 2.4.4 | 47.36 | 76.09 | 123.45 | OK | |
r-release-linux-x86_64 | 2.4.4 | 43.04 | 73.50 | 116.54 | OK | |
r-release-macos-arm64 | 2.4.4 | 42.00 | OK | |||
r-release-macos-x86_64 | 2.4.4 | 65.00 | OK | |||
r-release-windows-x86_64 | 2.4.4 | 40.00 | 102.00 | 142.00 | FAIL | |
r-oldrel-macos-arm64 | 2.4.4 | 47.00 | OK | |||
r-oldrel-macos-x86_64 | 2.4.4 | 125.00 | OK | |||
r-oldrel-windows-x86_64 | 2.4.4 | 39.00 | 121.00 | 160.00 | OK |
Version: 2.4.4
Check: re-building of vignette outputs
Result: ERROR
Error(s) in re-building vignettes:
--- re-building 'FENmlm.Rmd' using rmarkdown
Warning in dev.off(dv) : processing of the plot ran out of memory
Warning in dev.off(dv) : processing of the plot ran out of memory
pandoc.exe: osCommitMemory: VirtualAlloc MEM_COMMIT failed to commit 1048576 bytes of memory (error code: 1455): Die Auslagerungsdatei ist zu klein, um diesen Vorgang durchzuf<fc>hren.
Error: processing vignette 'FENmlm.Rmd' failed with diagnostics:
pandoc document conversion failed with error 251
--- failed re-building 'FENmlm.Rmd'
SUMMARY: processing the following file failed:
'FENmlm.Rmd'
Error: Vignette re-building failed.
Execution halted
Flavor: r-release-windows-x86_64
Version: 2.4.4
Check: PDF version of manual
Result: WARN
LaTeX errors when creating PDF version.
This typically indicates Rd problems.
Flavor: r-release-windows-x86_64
Version: 2.4.4
Check: PDF version of manual without index
Result: ERROR
Re-running with no redirection of stdout/stderr.
Flavor: r-release-windows-x86_64
Version: 2.4.4
Check: HTML version of manual
Result: FAIL
Flavor: r-release-windows-x86_64