Last updated on 2024-06-15 11:50:06 CEST.
Flavor | Version | Tinstall | Tcheck | Ttotal | Status | Flags |
---|---|---|---|---|---|---|
r-devel-linux-x86_64-debian-clang | 1.0.2 | 15.49 | 154.89 | 170.38 | NOTE | |
r-devel-linux-x86_64-debian-gcc | 1.0.2 | 12.90 | 113.42 | 126.32 | NOTE | |
r-devel-linux-x86_64-fedora-clang | 1.0.2 | 228.10 | NOTE | |||
r-devel-linux-x86_64-fedora-gcc | 1.0.2 | 213.85 | NOTE | |||
r-devel-windows-x86_64 | 1.0.2 | 15.00 | 116.00 | 131.00 | NOTE | |
r-patched-linux-x86_64 | 1.0.2 | 18.92 | 145.43 | 164.35 | NOTE | |
r-release-linux-x86_64 | 1.0.2 | 16.23 | 147.07 | 163.30 | NOTE | |
r-release-macos-arm64 | 1.0.2 | 58.00 | NOTE | |||
r-release-macos-x86_64 | 1.0.2 | 94.00 | NOTE | |||
r-release-windows-x86_64 | 1.0.2 | 16.00 | 118.00 | 134.00 | NOTE | |
r-oldrel-macos-arm64 | 1.0.2 | 62.00 | OK | |||
r-oldrel-macos-x86_64 | 1.0.2 | 103.00 | OK | |||
r-oldrel-windows-x86_64 | 1.0.2 | 17.00 | 150.00 | 167.00 | OK |
Version: 1.0.2
Check: Rd files
Result: NOTE
checkRd: (-1) droso.Rd:8: Lost braces; missing escapes or markup?
8 | The dataset contains 400 true donor sites, 400 false donor sites and 50 false sites as test set. Each sequence is of 40 nucleotides long. The conserved di-nucleotides GT are present at $21^{st}$ and $22^{nd}$ positions respectively.
| ^
checkRd: (-1) droso.Rd:8: Lost braces; missing escapes or markup?
8 | The dataset contains 400 true donor sites, 400 false donor sites and 50 false sites as test set. Each sequence is of 40 nucleotides long. The conserved di-nucleotides GT are present at $21^{st}$ and $22^{nd}$ positions respectively.
| ^
Flavors: r-devel-linux-x86_64-debian-clang, r-devel-linux-x86_64-debian-gcc, r-devel-linux-x86_64-fedora-clang, r-devel-linux-x86_64-fedora-gcc, r-devel-windows-x86_64, r-patched-linux-x86_64, r-release-linux-x86_64, r-release-macos-arm64, r-release-macos-x86_64, r-release-windows-x86_64