Last updated on 2024-06-04 10:55:40 CEST.
Flavor | Version | Tinstall | Tcheck | Ttotal | Status | Flags |
---|---|---|---|---|---|---|
r-devel-linux-x86_64-debian-clang | 1.2.1 | 10.89 | 109.58 | 120.47 | OK | |
r-devel-linux-x86_64-debian-gcc | 1.2.1 | 6.69 | 85.34 | 92.03 | OK | |
r-devel-linux-x86_64-fedora-clang | 1.2.1 | 147.22 | NOTE | |||
r-devel-linux-x86_64-fedora-gcc | 1.2.1 | 156.33 | OK | |||
r-devel-windows-x86_64 | 1.2.1 | 8.00 | 120.00 | 128.00 | NOTE | |
r-patched-linux-x86_64 | 1.2.1 | 8.73 | 112.13 | 120.86 | OK | |
r-release-linux-x86_64 | 1.2.1 | 9.99 | 111.22 | 121.21 | OK | |
r-release-macos-arm64 | 1.2.1 | 67.00 | NOTE | |||
r-release-macos-x86_64 | 1.2.1 | 155.00 | NOTE | |||
r-release-windows-x86_64 | 1.2.1 | 8.00 | 114.00 | 122.00 | NOTE | |
r-oldrel-macos-arm64 | 1.2.1 | 63.00 | NOTE | |||
r-oldrel-macos-x86_64 | 1.2.1 | 124.00 | NOTE | |||
r-oldrel-windows-x86_64 | 1.2.1 | 10.00 | 137.00 | 147.00 | NOTE |
Version: 1.2.1
Check: installed package size
Result: NOTE
installed size is 10.5Mb
sub-directories of 1Mb or more:
doc 5.1Mb
extdata 5.1Mb
Flavors: r-devel-linux-x86_64-fedora-clang, r-devel-windows-x86_64, r-release-macos-arm64, r-release-macos-x86_64, r-release-windows-x86_64, r-oldrel-macos-arm64, r-oldrel-macos-x86_64, r-oldrel-windows-x86_64