Last updated on 2024-06-15 11:50:06 CEST.
Flavor | Version | Tinstall | Tcheck | Ttotal | Status | Flags |
---|---|---|---|---|---|---|
r-devel-linux-x86_64-debian-clang | 0.4.4 | 111.59 | 437.35 | 548.94 | NOTE | |
r-devel-linux-x86_64-debian-gcc | 0.4.4 | 67.43 | 341.88 | 409.31 | NOTE | |
r-devel-linux-x86_64-fedora-clang | 0.4.4 | 707.90 | NOTE | |||
r-devel-linux-x86_64-fedora-gcc | 0.4.4 | 724.91 | NOTE | |||
r-devel-windows-x86_64 | 0.4.4 | 79.00 | 361.00 | 440.00 | NOTE | |
r-patched-linux-x86_64 | 0.4.4 | 92.53 | 428.38 | 520.91 | NOTE | |
r-release-linux-x86_64 | 0.4.4 | 66.95 | 462.58 | 529.53 | NOTE | |
r-release-macos-arm64 | 0.4.4 | 176.00 | NOTE | |||
r-release-macos-x86_64 | 0.4.4 | 444.00 | NOTE | |||
r-release-windows-x86_64 | 0.4.4 | 82.00 | 349.00 | 431.00 | NOTE | |
r-oldrel-macos-arm64 | 0.4.4 | 186.00 | NOTE | |||
r-oldrel-macos-x86_64 | 0.4.4 | 332.00 | NOTE | |||
r-oldrel-windows-x86_64 | 0.4.4 | 96.00 | 439.00 | 535.00 | NOTE |
Version: 0.4.4
Check: C++ specification
Result: NOTE
Specified C++11: please drop specification unless essential
Flavors: r-devel-linux-x86_64-debian-clang, r-devel-linux-x86_64-debian-gcc, r-devel-linux-x86_64-fedora-clang, r-devel-linux-x86_64-fedora-gcc, r-devel-windows-x86_64, r-patched-linux-x86_64, r-release-linux-x86_64, r-release-macos-arm64, r-release-macos-x86_64, r-release-windows-x86_64, r-oldrel-macos-arm64, r-oldrel-macos-x86_64, r-oldrel-windows-x86_64
Version: 0.4.4
Check: dependencies in R code
Result: NOTE
Namespace in Imports field not imported from: ‘progress’
All declared Imports should be used.
Flavors: r-devel-linux-x86_64-fedora-clang, r-devel-linux-x86_64-fedora-gcc