Last updated on 2024-06-16 09:56:02 CEST.
Flavor | Version | Tinstall | Tcheck | Ttotal | Status | Flags |
---|---|---|---|---|---|---|
r-devel-linux-x86_64-debian-clang | 1.1.3 | 6.42 | 102.50 | 108.92 | OK | |
r-devel-linux-x86_64-debian-gcc | 1.1.3 | 5.19 | 86.35 | 91.54 | OK | |
r-devel-linux-x86_64-fedora-clang | 1.1.3 | 161.63 | OK | |||
r-devel-linux-x86_64-fedora-gcc | 1.1.3 | 162.50 | OK | |||
r-devel-windows-x86_64 | 1.1.3 | 7.00 | 126.00 | 133.00 | OK | |
r-patched-linux-x86_64 | 1.1.3 | 9.59 | 111.34 | 120.93 | OK | |
r-release-linux-x86_64 | 1.1.3 | 5.25 | 110.18 | 115.43 | OK | |
r-release-macos-arm64 | 1.1.3 | 57.00 | OK | |||
r-release-macos-x86_64 | 1.1.3 | 94.00 | OK | |||
r-release-windows-x86_64 | 1.1.3 | 6.00 | 120.00 | 126.00 | ERROR | |
r-oldrel-macos-arm64 | 1.1.3 | 71.00 | OK | |||
r-oldrel-macos-x86_64 | 1.1.3 | 176.00 | OK | |||
r-oldrel-windows-x86_64 | 1.1.3 | 7.00 | 151.00 | 158.00 | OK |
Version: 1.1.3
Check: tests
Result: ERROR
Running 'tinytest.R' [43s]
Running the tests in 'tests/tinytest.R' failed.
Complete output:
> if (requireNamespace("tinytest", quietly = TRUE)) {
+ tinytest::test_package("DTSg")
+ }
test_DTSg.R................... 0 tests
test_DTSg.R................... 1 tests <1b>[0;32mOK<1b>[0m
test_DTSg.R................... 2 tests <1b>[0;32mOK<1b>[0m Missing values are always stripped regardless of the value of a possible "na.rm" argument.
test_DTSg.R................... 3 tests <1b>[0;32mOK<1b>[0m Missing values are always stripped regardless of the value of a possible "na.rm" argument.
test_DTSg.R................... 4 tests <1b>[0;32mOK<1b>[0m .n column calculated from .dateTime column.
test_DTSg.R................... 5 tests <1b>[0;32mOK<1b>[0m .n column calculated from .dateTime column.
test_DTSg.R................... 6 tests <1b>[0;32mOK<1b>[0m
test_DTSg.R................... 7 tests <1b>[0;32mOK<1b>[0m
test_DTSg.R................... 8 tests <1b>[0;32mOK<1b>[0m
test_DTSg.R................... 9 tests <1b>[0;32mOK<1b>[0m
test_DTSg.R................... 10 tests <1b>[0;32mOK<1b>[0m
test_DTSg.R................... 11 tests <1b>[0;32mOK<1b>[0m
test_DTSg.R................... 12 tests <1b>[0;32mOK<1b>[0m
test_DTSg.R................... 13 tests <1b>[0;32mOK<1b>[0m
test_DTSg.R................... 14 tests <1b>[0;32mOK<1b>[0m
test_DTSg.R................... 15 tests <1b>[0;32mOK<1b>[0m
test_DTSg.R................... 16 tests <1b>[0;32mOK<1b>[0m
test_DTSg.R................... 17 tests <1b>[0;32mOK<1b>[0m
test_DTSg.R................... 18 tests <1b>[0;32mOK<1b>[0m
test_DTSg.R................... 19 tests <1b>[0;32mOK<1b>[0m
test_DTSg.R................... 20 tests <1b>[0;32mOK<1b>[0m
test_DTSg.R................... 21 tests <1b>[0;32mOK<1b>[0m
test_DTSg.R................... 22 tests <1b>[0;32mOK<1b>[0m
test_DTSg.R................... 23 tests <1b>[0;32mOK<1b>[0m
test_DTSg.R................... 24 tests <1b>[0;32mOK<1b>[0m
test_DTSg.R................... 25 tests <1b>[0;32mOK<1b>[0m
test_DTSg.R................... 26 tests <1b>[0;32mOK<1b>[0m
test_DTSg.R................... 27 tests <1b>[0;32mOK<1b>[0m
test_DTSg.R................... 28 tests <1b>[0;32mOK<1b>[0m
test_DTSg.R................... 29 tests <1b>[0;32mOK<1b>[0m
test_DTSg.R................... 30 tests <1b>[0;32mOK<1b>[0m
test_DTSg.R................... 31 tests <1b>[0;32mOK<1b>[0m
test_DTSg.R................... 32 tests <1b>[0;32mOK<1b>[0m
test_DTSg.R................... 33 tests <1b>[0;32mOK<1b>[0m
test_DTSg.R................... 34 tests <1b>[0;32mOK<1b>[0m
test_DTSg.R................... 35 tests <1b>[0;32mOK<1b>[0m
test_DTSg.R................... 69 tests <1b>[0;32mOK<1b>[0m
test_DTSg.R................... 70 tests <1b>[0;32mOK<1b>[0m
test_DTSg.R................... 71 tests <1b>[0;32mOK<1b>[0m
test_DTSg.R................... 72 tests <1b>[0;32mOK<1b>[0m
test_DTSg.R................... 73 tests <1b>[0;32mOK<1b>[0m
test_DTSg.R................... 74 tests <1b>[0;32mOK<1b>[0m
test_DTSg.R................... 75 tests <1b>[0;32mOK<1b>[0m
test_DTSg.R................... 76 tests <1b>[0;32mOK<1b>[0m
test_DTSg.R................... 77 tests <1b>[0;32mOK<1b>[0m
test_DTSg.R................... 78 tests <1b>[0;32mOK<1b>[0m
test_DTSg.R................... 79 tests <1b>[0;32mOK<1b>[0m
test_DTSg.R................... 80 tests <1b>[0;32mOK<1b>[0m
test_DTSg.R................... 81 tests <1b>[0;32mOK<1b>[0m
test_DTSg.R................... 82 tests <1b>[0;32mOK<1b>[0m
test_DTSg.R................... 83 tests <1b>[0;32mOK<1b>[0m
test_DTSg.R................... 84 tests <1b>[0;32mOK<1b>[0m
test_DTSg.R................... 85 tests <1b>[0;32mOK<1b>[0m
test_DTSg.R................... 86 tests <1b>[0;32mOK<1b>[0m
test_DTSg.R................... 87 tests <1b>[0;32mOK<1b>[0m
test_DTSg.R................... 88 tests <1b>[0;32mOK<1b>[0m
test_DTSg.R................... 89 tests <1b>[0;32mOK<1b>[0m
test_DTSg.R................... 90 tests <1b>[0;32mOK<1b>[0m
test_DTSg.R................... 91 tests <1b>[0;32mOK<1b>[0m
test_DTSg.R................... 92 tests <1b>[0;32mOK<1b>[0m
test_DTSg.R................... 93 tests <1b>[0;32mOK<1b>[0m
test_DTSg.R................... 94 tests <1b>[0;32mOK<1b>[0m
test_DTSg.R................... 122 tests <1b>[0;32mOK<1b>[0m
test_DTSg.R................... 123 tests <1b>[0;32mOK<1b>[0m
test_DTSg.R................... 124 tests <1b>[0;32mOK<1b>[0m
test_DTSg.R................... 125 tests <1b>[0;32mOK<1b>[0m
test_DTSg.R................... 126 tests <1b>[0;32mOK<1b>[0m
test_DTSg.R................... 127 tests <1b>[0;32mOK<1b>[0m
test_DTSg.R................... 128 tests <1b>[0;32mOK<1b>[0m
test_DTSg.R................... 129 tests <1b>[0;32mOK<1b>[0m
test_DTSg.R................... 130 tests <1b>[0;32mOK<1b>[0m
test_DTSg.R................... 131 tests <1b>[0;32mOK<1b>[0m
test_DTSg.R................... 132 tests <1b>[0;32mOK<1b>[0m
test_DTSg.R................... 133 tests <1b>[0;32mOK<1b>[0m
test_DTSg.R................... 134 tests <1b>[0;32mOK<1b>[0m
test_DTSg.R................... 135 tests <1b>[0;32mOK<1b>[0m
test_DTSg.R................... 136 tests <1b>[0;32mOK<1b>[0m
test_DTSg.R................... 137 tests <1b>[0;32mOK<1b>[0m
test_DTSg.R................... 138 tests <1b>[0;32mOK<1b>[0m
test_DTSg.R................... 139 tests <1b>[0;32mOK<1b>[0m
test_DTSg.R................... 140 tests <1b>[0;32mOK<1b>[0m
test_DTSg.R................... 162 tests <1b>[0;32mOK<1b>[0m
test_DTSg.R................... 166 tests <1b>[0;32mOK<1b>[0m
test_DTSg.R................... 174 tests <1b>[0;32mOK<1b>[0m
test_DTSg.R................... 190 tests <1b>[0;32mOK<1b>[0m
test_DTSg.R................... 191 tests <1b>[0;32mOK<1b>[0m
test_DTSg.R................... 192 tests <1b>[0;32mOK<1b>[0m
test_DTSg.R................... 193 tests <1b>[0;32mOK<1b>[0m
test_DTSg.R................... 194 tests <1b>[0;32mOK<1b>[0m
test_DTSg.R................... 195 tests <1b>[0;32mOK<1b>[0m
test_DTSg.R................... 196 tests <1b>[0;32mOK<1b>[0m
test_DTSg.R................... 197 tests <1b>[0;32mOK<1b>[0m
test_DTSg.R................... 198 tests <1b>[0;32mOK<1b>[0m
test_DTSg.R................... 199 tests <1b>[0;32mOK<1b>[0m
test_DTSg.R................... 200 tests <1b>[0;32mOK<1b>[0m
test_DTSg.R................... 201 tests <1b>[0;32mOK<1b>[0m
test_DTSg.R................... 202 tests <1b>[0;32mOK<1b>[0m
test_DTSg.R................... 203 tests <1b>[0;32mOK<1b>[0m
test_DTSg.R................... 204 tests <1b>[0;32mOK<1b>[0m
test_DTSg.R................... 205 tests <1b>[0;32mOK<1b>[0m
test_DTSg.R................... 206 tests <1b>[0;32mOK<1b>[0m
test_DTSg.R................... 207 tests <1b>[0;32mOK<1b>[0m
test_DTSg.R................... 208 tests <1b>[0;32mOK<1b>[0m
test_DTSg.R................... 209 tests <1b>[0;32mOK<1b>[0m
test_DTSg.R................... 210 tests <1b>[0;32mOK<1b>[0m
test_DTSg.R................... 211 tests <1b>[0;32mOK<1b>[0m
test_DTSg.R................... 212 tests <1b>[0;32mOK<1b>[0m <1b>[0;34m12.5s<1b>[0m
test_S3WrapperGenerator.R..... 1 tests <1b>[0;32mOK<1b>[0m
test_S3WrapperGenerator.R..... 2 tests <1b>[0;32mOK<1b>[0m
test_S3WrapperGenerator.R..... 3 tests <1b>[0;32mOK<1b>[0m <1b>[0;36m3ms<1b>[0m
test_TALFs.R.................. 0 tests
test_TALFs.R.................. 69 tests <1b>[0;32mOK<1b>[0m Error in forderv(x, cols, sort = TRUE, retGrp = FALSE) :
Failed to allocate TMP or UGRP or they weren't cache line aligned: nth=1
Calls: <Anonymous> ... <Anonymous> -> <Anonymous> -> data.table -> setkeyv -> forderv
In addition: Warning messages:
1: Only time series with recognised periodicity can have explicitly missing values.
Consider calling "alter()" with "na.status = 'explicit'" and specified "by" argument.
2: Only time series with recognised periodicity can have explicitly missing values.
Consider calling "alter()" with "na.status = 'explicit'" and specified "by" argument.
3: Only time series with recognised periodicity can have explicitly missing values.
Consider calling "alter()" with "na.status = 'explicit'" and specified "by" argument.
4: Only time series with recognised periodicity can have explicitly missing values.
Consider calling "alter()" with "na.status = 'explicit'" and specified "by" argument.
5: Only time series with recognised periodicity can have explicitly missing values.
Consider calling "alter()" with "na.status = 'explicit'" and specified "by" argument.
Execution halted
Flavor: r-release-windows-x86_64