Last updated on 2024-06-16 09:56:01 CEST.
Flavor | Version | Tinstall | Tcheck | Ttotal | Status | Flags |
---|---|---|---|---|---|---|
r-devel-linux-x86_64-debian-clang | 0.0.1 | 3.71 | 32.47 | 36.18 | OK | |
r-devel-linux-x86_64-debian-gcc | 0.0.1 | 2.84 | 24.97 | 27.81 | OK | |
r-devel-linux-x86_64-fedora-clang | 0.0.1 | 41.94 | NOTE | |||
r-devel-linux-x86_64-fedora-gcc | 0.0.1 | 45.18 | NOTE | |||
r-devel-windows-x86_64 | 0.0.1 | 5.00 | 45.00 | 50.00 | OK | |
r-patched-linux-x86_64 | 0.0.1 | 2.09 | 32.11 | 34.20 | OK | |
r-release-linux-x86_64 | 0.0.1 | 2.03 | 31.11 | 33.14 | OK | |
r-release-macos-arm64 | 0.0.1 | 6.00 | ERROR | |||
r-release-macos-x86_64 | 0.0.1 | 10.00 | ERROR | |||
r-release-windows-x86_64 | 0.0.1 | 5.00 | 46.00 | 51.00 | OK | |
r-oldrel-macos-arm64 | 0.0.1 | 9.00 | ERROR | |||
r-oldrel-macos-x86_64 | 0.0.1 | 12.00 | ERROR | |||
r-oldrel-windows-x86_64 | 0.0.1 | 5.00 | 50.00 | 55.00 | OK |
Version: 0.0.1
Check: dependencies in R code
Result: NOTE
Namespace in Imports field not imported from: ‘TCGAbiolinks’
All declared Imports should be used.
Flavors: r-devel-linux-x86_64-fedora-clang, r-devel-linux-x86_64-fedora-gcc
Version: 0.0.1
Check: package dependencies
Result: ERROR
Package required but not available: ‘TCGAbiolinks’
See section ‘The DESCRIPTION file’ in the ‘Writing R Extensions’
manual.
Flavors: r-release-macos-arm64, r-release-macos-x86_64, r-oldrel-macos-arm64, r-oldrel-macos-x86_64