Last updated on 2024-06-16 09:56:01 CEST.
Flavor | Version | Tinstall | Tcheck | Ttotal | Status | Flags |
---|---|---|---|---|---|---|
r-devel-linux-x86_64-debian-clang | 0.1-22 | 42.98 | 195.02 | 238.00 | OK | |
r-devel-linux-x86_64-debian-gcc | 0.1-22 | 33.16 | 143.20 | 176.36 | OK | |
r-devel-linux-x86_64-fedora-clang | 0.1-22 | 306.46 | OK | |||
r-devel-linux-x86_64-fedora-gcc | 0.1-22 | 322.56 | OK | |||
r-devel-windows-x86_64 | 0.1-22 | 40.00 | 196.00 | 236.00 | OK | |
r-patched-linux-x86_64 | 0.1-22 | 40.32 | 183.29 | 223.61 | OK | |
r-release-linux-x86_64 | 0.1-22 | 38.54 | 184.86 | 223.40 | OK | |
r-release-macos-arm64 | 0.1-22 | 90.00 | OK | |||
r-release-macos-x86_64 | 0.1-22 | 133.00 | WARN | |||
r-release-windows-x86_64 | 0.1-22 | 39.00 | 216.00 | 255.00 | OK | |
r-oldrel-macos-arm64 | 0.1-22 | 96.00 | OK | |||
r-oldrel-macos-x86_64 | 0.1-22 | 229.00 | OK | |||
r-oldrel-windows-x86_64 | 0.1-22 | 50.00 | 237.00 | 287.00 | OK |
Version: 0.1-22
Check: re-building of vignette outputs
Result: WARN
Error(s) in re-building vignettes:
...
--- re-building ‘Crossover.Rnw’ using knitr
Error: processing vignette 'Crossover.Rnw' failed with diagnostics:
Running 'texi2dvi' on 'Crossover.tex' failed.
LaTeX errors:
! Undefined control sequence.
l.242 \hlkwd{getDesign}\hldef
{(}\hlsng{"williams3t"}\hldef{)}
?
! Emergency stop.
! Emergency stop.
l.242
End of file on the terminal!
! ==> Fatal error occurred, no output PDF file produced!
--- failed re-building ‘Crossover.Rnw’
SUMMARY: processing the following file failed:
‘Crossover.Rnw’
Error: Vignette re-building failed.
Execution halted
Flavor: r-release-macos-x86_64