Last updated on 2024-06-16 09:56:01 CEST.
Flavor | Version | Tinstall | Tcheck | Ttotal | Status | Flags |
---|---|---|---|---|---|---|
r-devel-linux-x86_64-debian-clang | 1.0-13 | 195.65 | 384.13 | 579.78 | NOTE | |
r-devel-linux-x86_64-debian-gcc | 1.0-13 | 139.11 | 273.90 | 413.01 | NOTE | |
r-devel-linux-x86_64-fedora-clang | 1.0-13 | 746.46 | NOTE | |||
r-devel-linux-x86_64-fedora-gcc | 1.0-13 | 742.25 | NOTE | |||
r-devel-windows-x86_64 | 1.0-13 | 145.00 | 347.00 | 492.00 | NOTE | |
r-patched-linux-x86_64 | 1.0-13 | 167.13 | 362.13 | 529.26 | NOTE | |
r-release-linux-x86_64 | 1.0-13 | 168.16 | 360.76 | 528.92 | NOTE | |
r-release-macos-arm64 | 1.0-13 | 168.00 | NOTE | |||
r-release-macos-x86_64 | 1.0-13 | 545.00 | NOTE | |||
r-release-windows-x86_64 | 1.0-13 | 149.00 | 382.00 | 531.00 | NOTE | |
r-oldrel-macos-arm64 | 1.0-13 | 168.00 | NOTE | |||
r-oldrel-macos-x86_64 | 1.0-13 | 512.00 | NOTE | |||
r-oldrel-windows-x86_64 | 1.0-13 | 191.00 | 443.00 | 634.00 | NOTE |
Version: 1.0-13
Check: package dependencies
Result: NOTE
Packages which this enhances but not available for checking:
'Rcplex', 'gurobi', 'rcbc'
Flavors: r-devel-linux-x86_64-debian-clang, r-devel-linux-x86_64-fedora-clang, r-devel-linux-x86_64-fedora-gcc, r-devel-windows-x86_64, r-patched-linux-x86_64, r-release-linux-x86_64, r-release-macos-arm64, r-release-macos-x86_64, r-release-windows-x86_64, r-oldrel-macos-arm64, r-oldrel-macos-x86_64, r-oldrel-windows-x86_64
Version: 1.0-13
Check: package dependencies
Result: NOTE
Packages which this enhances but not available for checking:
'gurobi', 'rcbc'
Flavor: r-devel-linux-x86_64-debian-gcc
Version: 1.0-13
Check: installed package size
Result: NOTE
installed size is 5.7Mb
sub-directories of 1Mb or more:
R 2.7Mb
doc 1.2Mb
Flavors: r-devel-linux-x86_64-fedora-clang, r-devel-windows-x86_64, r-release-macos-arm64, r-release-macos-x86_64, r-release-windows-x86_64, r-oldrel-macos-arm64, r-oldrel-macos-x86_64, r-oldrel-windows-x86_64