Last updated on 2024-06-16 09:55:59 CEST.
Flavor | Version | Tinstall | Tcheck | Ttotal | Status | Flags |
---|---|---|---|---|---|---|
r-devel-linux-x86_64-debian-clang | 0.1.5 | 772.06 | 234.74 | 1006.80 | NOTE | |
r-devel-linux-x86_64-debian-gcc | 0.1.5 | 648.66 | 224.19 | 872.85 | NOTE | |
r-devel-linux-x86_64-fedora-clang | 0.1.5 | 1261.44 | NOTE | |||
r-devel-linux-x86_64-fedora-gcc | 0.1.5 | 1762.41 | NOTE | |||
r-devel-windows-x86_64 | 0.1.5 | 606.00 | 251.00 | 857.00 | NOTE | |
r-patched-linux-x86_64 | 0.1.5 | 688.44 | 296.61 | 985.05 | NOTE | |
r-release-linux-x86_64 | 0.1.5 | 628.77 | 294.50 | 923.27 | NOTE | |
r-release-macos-arm64 | 0.1.5 | 313.00 | NOTE | |||
r-release-macos-x86_64 | 0.1.5 | 410.00 | NOTE | |||
r-release-windows-x86_64 | 0.1.5 | 606.00 | 267.00 | 873.00 | NOTE | |
r-oldrel-macos-arm64 | 0.1.5 | 347.00 | NOTE | |||
r-oldrel-macos-x86_64 | 0.1.5 | 528.00 | NOTE | |||
r-oldrel-windows-x86_64 | 0.1.5 | 736.00 | 303.00 | 1039.00 | NOTE |
Version: 0.1.5
Check: for GNU extensions in Makefiles
Result: NOTE
GNU make is a SystemRequirements.
Flavors: r-devel-linux-x86_64-debian-clang, r-devel-linux-x86_64-debian-gcc, r-devel-linux-x86_64-fedora-clang, r-devel-linux-x86_64-fedora-gcc, r-devel-windows-x86_64, r-patched-linux-x86_64, r-release-linux-x86_64, r-release-macos-arm64, r-release-macos-x86_64, r-release-windows-x86_64, r-oldrel-macos-arm64, r-oldrel-macos-x86_64, r-oldrel-windows-x86_64
Version: 0.1.5
Check: installed package size
Result: NOTE
installed size is 6.7Mb
sub-directories of 1Mb or more:
libs 6.3Mb
Flavors: r-devel-linux-x86_64-fedora-clang, r-devel-windows-x86_64, r-release-macos-arm64, r-release-macos-x86_64, r-release-windows-x86_64, r-oldrel-macos-arm64, r-oldrel-macos-x86_64, r-oldrel-windows-x86_64
Version: 0.1.5
Check: dependencies in R code
Result: NOTE
Namespaces in Imports field not imported from:
‘RcppParallel’ ‘rstantools’
All declared Imports should be used.
Flavors: r-devel-linux-x86_64-fedora-clang, r-devel-linux-x86_64-fedora-gcc