Last updated on 2024-06-29 10:48:58 CEST.
Flavor | Version | Tinstall | Tcheck | Ttotal | Status | Flags |
---|---|---|---|---|---|---|
r-devel-linux-x86_64-debian-clang | 1.0.0 | 9.07 | 133.53 | 142.60 | OK | |
r-devel-linux-x86_64-debian-gcc | 1.0.0 | 5.64 | 102.59 | 108.23 | OK | |
r-devel-linux-x86_64-fedora-clang | 1.0.0 | 187.09 | NOTE | |||
r-devel-linux-x86_64-fedora-gcc | 1.0.0 | 188.53 | OK | |||
r-devel-windows-x86_64 | 1.0.0 | 9.00 | 122.00 | 131.00 | NOTE | |
r-patched-linux-x86_64 | 1.0.0 | 7.12 | 131.03 | 138.15 | OK | |
r-release-linux-x86_64 | 1.0.0 | 9.60 | 133.93 | 143.53 | OK | |
r-release-macos-arm64 | 1.0.0 | 61.00 | NOTE | |||
r-release-macos-x86_64 | 1.0.0 | 147.00 | NOTE | |||
r-release-windows-x86_64 | 1.0.0 | 9.00 | 124.00 | 133.00 | NOTE | |
r-oldrel-macos-arm64 | 1.0.0 | 79.00 | NOTE | |||
r-oldrel-macos-x86_64 | 1.0.0 | 161.00 | NOTE | |||
r-oldrel-windows-x86_64 | 1.0.0 | 10.00 | 155.00 | 165.00 | NOTE |
Version: 1.0.0
Check: installed package size
Result: NOTE
installed size is 6.5Mb
sub-directories of 1Mb or more:
doc 5.4Mb
Flavors: r-devel-linux-x86_64-fedora-clang, r-devel-windows-x86_64, r-release-macos-arm64, r-release-macos-x86_64, r-release-windows-x86_64, r-oldrel-macos-arm64, r-oldrel-macos-x86_64, r-oldrel-windows-x86_64